emainder when o is divided by m.
12
Suppose 4 - 12 = -2*u. Suppose u*z = -z + 15. Suppose c = -1, w - 1 = -z*c - 3. What is the remainder when 2 is divided by w?
0
Let j(m) = 4*m**2 - 3*m + 2. Let z(s) = -6*s + s**3 - 7*s**2 + 1 + 3 - 2*s. Calculate the remainder when z(8) is divided by j(1).
1
Let z(q) = -q**3 - 3*q**2 + 5*q + 4. Let x be z(-4). Suppose -4*h - 2 = -y, -y - 4*h = -x*h - 2. What is the remainder when (-3 + -1)/((-2)/2) is divided by y?
0
Suppose 4*t + 232 = 4*a, -a - 5*t = -3*a + 104. What is the remainder when a is divided by 9?
8
Let v(d) = -d**2 + d + 15. Let x be v(0). Suppose x = -m + 6*m. Calculate the remainder when 4 is divided by m.
1
Let z(y) = -y**3 - 6*y**2 - 2*y - 4. What is the remainder when 45 is divided by z(-6)?
5
Let i(o) = -o**3 - 14*o**2 + 5*o + 6. Let w be i(-14). Let h = w - -123. Suppose 4*z - 59 = 21. What is the remainder when h is divided by z?
19
Let y = -64 - -35. Let i = 59 + y. Calculate the remainder when i is divided by 16.
14
Let r(a) = a**3 + 8*a**2 - 6*a + 9. Let y be r(-7). Suppose 2*z - 64 = -z + 5*c, 4*c = -3*z + y. What is the remainder when 82 is divided by z?
26
Let n = 2 - 1. Let b be (-5)/(2 - n) - 1. Calculate the remainder when 1 + 3 - 0/b is divided by 3.
1
Let h be 3/(-9)*0/5. Suppose -3*f - s + 53 = 0, h*s + 3*s = 3*f - 57. What is the remainder when 53 is divided by f?
17
Let h = -79 + 85. What is the remainder when 7 is divided by h?
1
Let c = 44 + -38. Calculate the remainder when 11 - (-2 - 0) - -2 is divided by c.
3
Suppose 1456 = -4*v + 17*v. What is the remainder when v is divided by 57?
55
Suppose 0 = -0*f - 7*f + 329. What is the remainder when 92 is divided by f?
45
Let u = 0 + -3. Let q = -1 - u. Calculate the remainder when 25 is divided by q*(26/4 + -2).
7
Let q(l) = -l**3 + 8*l**2 + 16*l + 16. Calculate the remainder when q(9) is divided by 16.
15
Suppose -2*i = 4*j - 72, 3*j + 0*i = -5*i + 47. Calculate the remainder when 73 is divided by j.
16
Let z = 4 - 12. Let s = 0 - z. Let c(k) = 3*k**2 - k - 1. What is the remainder when c(3) is divided by s?
7
Let q(c) = -c**3 + 9*c**2 + 3*c - 12. What is the remainder when q(8) is divided by 26?
24
Suppose -3*l + 2*s + 56 = -0*s, 0 = -4*l + 5*s + 84. Suppose 2*x - l = -4. What is the remainder when 22 is divided by x?
4
Let v(j) = -6*j - 11. What is the remainder when v(-6) is divided by 14?
11
Let f be 6*-3*(-12)/27. Calculate the remainder when 58 is divided by 6/f - (-285)/20.
13
Let y = -22 - -23. Calculate the remainder when 2 is divided by y.
0
Let f be (18/(-48))/(2/(-16)). Suppose 2 = f*c + p, 0*p + 2*p - 2 = -5*c. Let a(w) = -w**2 - 5*w - 2. Calculate the remainder when a(-4) is divided by c.
0
Let z be 16/(-8)*(-111)/2. Let c = -25 + z. Calculate the remainder when c is divided by 29.
28
Let y(t) = 6*t**2 - 3*t + 3. What is the remainder when 11 is divided by y(1)?
5
What is the remainder when 47 is divided by (48/(-28))/(((-10)/21)/5)?
11
Suppose w + 3*v - 13 = 0, 4*v - 3*v + 13 = 4*w. Let n = -8 + w. Let c = n - -18. What is the remainder when 41 is divided by c?
13
Let j(z) = 2*z + 11. Suppose 3*r + 2*b + 3 = 25, 36 = 5*r + 4*b. Calculate the remainder when j(9) is divided by r.
5
Let l(z) = z + 1. Let o be l(6). Suppose p - 3*p = 12. Let u = o - p. What is the remainder when u is divided by 7?
6
Suppose o = -o - 4. Let n(i) = i**2 - i. Calculate the remainder when n(o) is divided by 2.
0
Let d = -13 - -36. Suppose -4*t + 36 = -112. Suppose 0 = 2*z - 0*n + n - 25, -n = 3*z - t. Calculate the remainder when d is divided by z.
11
Suppose 0 = 4*y + 3 - 11. Let l(h) = -3*h + 4*h + 7*h - y*h - 5. What is the remainder when l(9) is divided by 17?
15
Suppose 0 = 6*y + y - 21. Suppose 3*v = 25 - 1. Calculate the remainder when v is divided by y.
2
Suppose r = 13*r - 1812. Calculate the remainder when r is divided by 51.
49
Suppose 5*q - 29 = 2*m, -2*q + 6*q + 4*m - 40 = 0. Calculate the remainder when 53 is divided by q.
4
Let m(f) = -5*f - 1. Let j be m(-2). Let h = j - 7. Suppose 12 + 61 = a - h*o, 0 = 5*a + 4*o - 323. Calculate the remainder when a is divided by 23.
21
Let q(g) = -2*g - 11. Let v be q(-8). What is the remainder when 17 is divided by (12 - (v + -2))*1?
8
Let d(k) = -k**2 + 7*k - 5. Calculate the remainder when 71/4 - 55/(-44) is divided by d(5).
4
Suppose 4*m = 42 + 2. Suppose -4*z = -u - m, u + 0*z + z = 14. Calculate the remainder when u is divided by 6.
3
Let n be 3 - (-2)/(-3)*-3. Suppose 0*s - x + 264 = n*s, -5*s - 4*x + 276 = 0. Calculate the remainder when s is divided by 27.
25
Let t be ((-1)/(-3))/(2/42). Suppose 5*l - l - 32 = 0. Calculate the remainder when 2/t + (-103)/(-7) is divided by l.
7
Suppose -2*d = 2 + 2. Let y be d/(1 - 3/2). Suppose -3*i + y*s = 13, -5*i + i + 8 = s. What is the remainder when i is divided by 1?
0
Let i(c) = c**2 + 2*c - 4. Let a be i(-4). Let r be (-2)/(1*(-1 - 0)). Suppose r*m + 26 = a*m. Calculate the remainder when m is divided by 7.
6
Let k = -36 - -69. What is the remainder when 94 is divided by k?
28
Suppose 0*y - 37 = -y. Suppose -2*z - 9 = -y. Suppose -3*v = -s - 3*s + 111, -s = 4*v - 23. What is the remainder when s is divided by z?
13
Suppose 10*h - 45 = 5*h. Calculate the remainder when h is divided by 5.
4
Let b = 6 + 20. Let h = -115 + 165. Calculate the remainder when h is divided by b.
24
Suppose 0*p - 3*p + 2*t = -69, -115 = -4*p - 5*t. Calculate the remainder when 98 is divided by p.
23
Suppose -5*b + 0*b + 40 = 0. Let q = 3 + 0. Suppose 0*d - 45 = -q*d. Calculate the remainder when d is divided by b.
7
Let i = -10 - -35. Let a be 9/(2/((-12)/(-9))). Suppose -7 = -s + a. Calculate the remainder when i is divided by s.
12
Let z(y) = 0*y - 1 + 0 - y - 2*y. What is the remainder when z(-1) is divided by 2?
0
Suppose -3*s - 15 = 0, -2*s - 6 = 2*w + 10. Let f = 8 + w. Calculate the remainder when 4/10 + 126/10 is divided by f.
3
Suppose -97 - 38 = -5*o. What is the remainder when o is divided by (-3)/2*(-40)/6?
7
Suppose 31 = 2*h - 3*n, -3*h - 21 = 3*n - 90. Let l = -7 + h. What is the remainder when 24 is divided by l?
11
Let g(i) = -i**3 + 14*i**2 + 18*i + 4. Let u be (14 + -4)/(4/6). What is the remainder when g(u) is divided by 17?
15
Let v = -89 + 129. What is the remainder when 118 is divided by v?
38
Let d(g) = -g**2 + 7*g. Calculate the remainder when 47 is divided by d(3).
11
Let q = 100 + -89. Calculate the remainder when 25 is divided by q.
3
Let x be 100/6 + (-2)/3. Suppose -4*r + x = -0*r. Suppose -3*u - 40 = -r*w - 0*w, 0 = -4*w + 4*u + 36. What is the remainder when 24 is divided by w?
11
Let j be (-2)/(-3) + (-316)/(-3). Let u = 6 + -6. Suppose 3*m - 3*o - 54 = u, 0 = -5*m + 2*o - o + j. Calculate the remainder when m is divided by 8.
6
Let v = 6 - -4. Let g = -5 + v. Let n = 11 - 2. What is the remainder when n is divided by g?
4
Let v(k) = 16*k + 2. Calculate the remainder when v(3) is divided by 13.
11
Let z(r) = -r**2 - 9*r + 1. Let n be z(-8). Suppose n*w - 48 = 6*w. What is the remainder when 30 is divided by w?
14
Let y(w) = -3*w - 14. Let d = -4 + 9. Let r(i) = i + 7. Let z(g) = d*r(g) + 2*y(g). Calculate the remainder when 2 is divided by z(5).
0
Calculate the remainder when ((-46 - 3) + 5)*(-1 + 0) is divided by 13.
5
Suppose 0 = -5*x + 3*x - 48. What is the remainder when x*2/(-6)*1 is divided by 3?
2
Let c be -1 + (32 - (-1)/1). Suppose c = a - 19. Calculate the remainder when a is divided by 18.
15
Suppose -217*l + 239*l - 88 = 0. Let c(o) = -o**3 + o**2 - o. Let n be c(0). Suppose 2*z - 7 - 3 = n. Calculate the remainder when z is divided by l.
1
Suppose -3*o + 2*o + 72 = p, 0 = -3*o + 5*p + 216. What is the remainder when o is divided by 15?
12
Suppose -2 = 2*x - 8. Suppose x + 17 = h. What is the remainder when 55 is divided by h?
15
Let p(x) = -2*x**2 + 18*x + 6. Let k = 10 + -6. Calculate the remainder when p(9) is divided by k.
2
Suppose -3*i + 3*r = 0, 0 = -0*i - 3*i + r - 4. Suppose 16 = 5*u - 99. What is the remainder when u is divided by 2/i + 2 + 7?
7
Let w = 20 + -10. Let i = -7 + 10. Suppose 2*t - 55 = i*a - 0*a, -121 = -4*t - 5*a. Calculate the remainder when t is divided by w.
9
Let k(q) = -q - 8. Let a be k(-6). Let n be -1 + 0 + (9 - a). Suppose 0 = c - 0*c - n. What is the remainder when 19 is di